{"id":119,"date":"2011-08-27T23:16:10","date_gmt":"2011-08-27T23:16:10","guid":{"rendered":"http:\/\/www.marketingenred.net\/marketing-en-internet\/como-posicionar-a-tu-empresa-en-los-buscadores\/"},"modified":"2024-11-10T13:24:49","modified_gmt":"2024-11-10T13:24:49","slug":"como-posicionar-mi-pagina-web-en-google","status":"publish","type":"page","link":"https:\/\/www.marketingenred.net\/marketing-en-internet\/como-posicionar-mi-pagina-web-en-google\/","title":{"rendered":"Como posicionar mi p\u00e1gina web en Google"},"content":{"rendered":"<div class=\"wp-block-image wp-image-366 size-thumbnail\">\n<figure class=\"alignleft\"><img loading=\"lazy\" decoding=\"async\" width=\"150\" height=\"150\" data-attachment-id=\"366\" data-permalink=\"https:\/\/www.marketingenred.net\/marketing-en-internet\/como-posicionar-mi-pagina-web-en-google\/p_072\/\" data-orig-file=\"https:\/\/i1.wp.com\/www.marketingenred.net\/marketing-en-internet\/wp-content\/uploads\/2018\/01\/p_072.jpg?fit=225%2C361&amp;ssl=1\" data-orig-size=\"225,361\" data-comments-opened=\"1\" data-image-meta=\"{&quot;aperture&quot;:&quot;0&quot;,&quot;credit&quot;:&quot;&quot;,&quot;camera&quot;:&quot;&quot;,&quot;caption&quot;:&quot;&quot;,&quot;created_timestamp&quot;:&quot;0&quot;,&quot;copyright&quot;:&quot;&quot;,&quot;focal_length&quot;:&quot;0&quot;,&quot;iso&quot;:&quot;0&quot;,&quot;shutter_speed&quot;:&quot;0&quot;,&quot;title&quot;:&quot;&quot;,&quot;orientation&quot;:&quot;0&quot;}\" data-image-title=\"C\u00f3mo Posicionar a tu Empresa en los Buscadores\" data-image-description=\"&lt;p&gt;Qu\u00e9 es el Marketing de Buscadores o Search Engine Marketing&lt;\/p&gt;\n\" data-medium-file=\"https:\/\/i1.wp.com\/www.marketingenred.net\/marketing-en-internet\/wp-content\/uploads\/2018\/01\/p_072.jpg?fit=187%2C300&amp;ssl=1\" data-large-file=\"https:\/\/i1.wp.com\/www.marketingenred.net\/marketing-en-internet\/wp-content\/uploads\/2018\/01\/p_072.jpg?fit=225%2C361&amp;ssl=1\" src=\"https:\/\/i1.wp.com\/www.marketingenred.net\/marketing-en-internet\/wp-content\/uploads\/2018\/01\/p_072.jpg?resize=150%2C150&#038;ssl=1\" alt=\"Aprende a posicionar tu p\u00e1gina web en los resultados de b\u00fasqueda\" class=\"wp-image-366\" srcset=\"https:\/\/i1.wp.com\/www.marketingenred.net\/marketing-en-internet\/wp-content\/uploads\/2018\/01\/p_072.jpg?resize=150%2C150&amp;ssl=1 150w, https:\/\/i1.wp.com\/www.marketingenred.net\/marketing-en-internet\/wp-content\/uploads\/2018\/01\/p_072.jpg?resize=50%2C50&amp;ssl=1 50w\" sizes=\"(max-width: 150px) 100vw, 150px\" data-recalc-dims=\"1\" \/><figcaption class=\"wp-element-caption\">Como posicionar mi pagina web en google<\/figcaption><\/figure><\/div>\n\n\n<h2 class=\"wp-block-heading\">Marketing de Buscadores<\/h2>\n\n\n\n<p>Todos nos hemos preguntado \u00abComo posicionar mi p\u00e1gina web en Google\u00bb cada vez que iniciamos un nuevo proyecto. Sin dudas, que la Calidad de Los Enlaces es un elemento fundamental a tener en cuenta en el marketing de buscadores. Pero antes de abordar el tema, vamos a clarificar algunos conceptos.<\/p>\n\n\n\n<p>Por Dar\u00edo Le\u00f3n Mendiondo (*).<br><\/p>\n\n\n\n<!--more-->\n\n\n\n<h2 class=\"wp-block-heading\">&nbsp;<\/h2>\n\n\n\n<h2 class=\"wp-block-heading\">Como posicionar mi p\u00e1gina web en Google con Marketing de Buscadores<\/h2>\n\n\n\n<p>El marketing de buscadores es lo que se conoce como SEM (Search Engine Marketing). Es una t\u00e9cnica de marketing en Internet cuyo prop\u00f3sito es aumentar la notoriedad de un sitio web en los resultados de los buscadores.<\/p>\n\n\n\n<p>Se aplica a trav\u00e9s de dos formas, Search Engine Optimization, mas conocido como SEO. Y el Per Pay Clic, cuya abreviaci\u00f3n es el popular PPC o pago por click. Significa que un sitio web puede aumentar su visibilidad en los resultados de una b\u00fasqueda a trav\u00e9s de la optimizaci\u00f3n para los buscadores. O tambi\u00e9n realizando una campa\u00f1a de pago por clic. Ello permitir\u00e1 estar entre los primeros lugares de los resultados de los buscadores como enlaces patrocinados.<\/p>\n\n\n\n<h2 class=\"wp-block-heading\">Como posicionar mi p\u00e1gina web en Google con Posicionamiento SEO<\/h2>\n\n\n\n<p>A su vez, dentro del SEO, existen diferentes t\u00e9cnicas para optimizar un sitio para los motores de b\u00fasqueda. En esta oportunidad abordaremos el tratamiento de uno de los elementos m\u00e1s cr\u00edticos en la optimizaci\u00f3n de una web. Hablamos de la estructura de enlaces.<\/p>\n\n\n\n<p>Es sabido que Google otorga un reconocimiento mayor a las webs que reciben enlaces de sitios relacionados de calidad. Este es un elemento clave si quieres alcanzar las primeras posiciones en el mayor buscador de internet. Y es un factor fundamental de tu estrategia de marketing de buscadores a nivel global.<\/p>\n\n\n\n<p>En ese sentido, la calidad del enlace influye dr\u00e1sticamente, por tanto hay que priorizar los intercambios con sitios relacionados al nuestro. Aquellos que presenten tem\u00e1ticas similares. Y si adem\u00e1s tienen un buen PR (de 4 para arriba, mejor).<\/p>\n\n\n\n<p>Debes hacerlo de la forma m\u00e1s \u00abnatural\u00bb posible. Ten en cuenta que un exceso de intercambios de enlaces \u00abforzado\u00bb puede ser detectado por Google. Y eso te puede hacer perder lo conseguido hasta el momento.<\/p>\n\n\n\n<h3 class=\"wp-block-heading\">Como posicionar mi p\u00e1gina web en Google con Enlaces Rec\u00edprocos<\/h3>\n\n\n\n<p>La reciprocidad del enlace, en algunos foros de opini\u00f3n &#8211; de los muchos que hay en la red &#8211; se afirma que ha sido devaluada por Google. Aunque de acuerdo a mi experiencia mantienen total vigencia, si es que se realizan \u00abnaturalmente\u00bb.<\/p>\n\n\n\n<p>Al respecto, si dichos enlaces entre dos webs que compiten para una misma b\u00fasqueda tienen valor para el visitante, Google lo considerar\u00e1. Esta es una conclusi\u00f3n muy simple. Si se valoran m\u00e1s los enlaces naturales, lo correcto es hacer intercambios de enlaces naturales.<\/p>\n\n\n\n<p>Si no est\u00e1s enlazando a tu competencia, pues prueba a hacerlo y solic\u00edtale un enlace rec\u00edproco.<\/p>\n\n\n\n<p>Google lo valorar\u00e1 positivamente porque tienen contenidos relacionados y brindan mas informaci\u00f3n relevante para el usuario. A Google no le importas TU, le interesa satisfacer al VISITANTE.<\/p>\n\n\n\n<p>Google orienta sus resultados para satisfacer al visitante, no para beneficiar a los webmasters. Por tanto, todo lo que \u00abnaturalmente\u00bb sirva a los intereses de los inquietos navegantes ser\u00e1 mostrado.<\/p>\n\n\n\n<p>Tu tienes tu web, que es tu producto. Se lo muestras a Google, el lo analiza y si es relevante para una b\u00fasqueda, se lo ofrece a sus usuarios. As\u00ed de f\u00e1cil.<\/p>\n\n\n\n<h3 class=\"wp-block-heading\">Como posicionar mi p\u00e1gina web en Google con Enlaces no Rec\u00edprocos<\/h3>\n\n\n\n<p>Es l\u00f3gico pensar que si tienes muchos links que apuntan a tu sitio en forma \u00abnatural\u00bb y tu no necesitas colocar un enlace hacia ellos. Y Google lo valorar\u00e1 a\u00fan mejor. Pero eso solo lo conseguir\u00e1s con el tiempo, una vez que tu popularidad se haya extendido lo suficiente como para que muchos sitios webs te enlacen. Ello es un indicio de que&nbsp; consideran que tu sitio tiene valor para sitios similares y relevantes a tu tem\u00e1tica.<\/p>\n\n\n\n<p>La elaboraci\u00f3n de contenido es un ejemplo. Muchos sitios necesitan agregar contenidos y material de valor para mantener a sus visitantes y darles una buena raz\u00f3n para que los visiten nuevamente. Pero aunque parezca sencillo, la elaboraci\u00f3n de contenidos originales con opiniones especializadas y rigurosas del punto de vista t\u00e9cnico, no es cosa f\u00e1cil.<\/p>\n\n\n\n<p>Es por eso que algunos webmastesr te contactar\u00e1n para agregar tus art\u00edculos y a\u00f1adir valor a sus sitios sin pedirte nada a cambio. Dispondr\u00e1s as\u00ed de muchos enlaces apuntando a tu web sin necesidad de devolverles el enlace.<\/p>\n\n\n\n<p>Si eres experto en alguna tem\u00e1tica que consideres importante, pues escribe algunos art\u00edculos, s\u00fabelos a tu sitio y ofrece gratuitamente tus art\u00edculos. Pide a cambio un enlace a tu web. Si editas un Bolet\u00edn Electr\u00f3nico, coloca un Aviso Destacado como un NUEVO SERVICIO DE ALTO VALOR PARA WEBMASTER. Tambi\u00e9n puedes escribirle a tus contactos, ofreci\u00e9ndole esta alternativa PARA A\u00d1ADIR CONTENIDOS ORIGINALES A SUS WEBS.<\/p>\n\n\n\n<h2 class=\"wp-block-heading\">Balance entre Enlaces entrantes y salientes<\/h2>\n\n\n\n<p>El sitio web que se desea posicionar debe tener un adecuado equilibrio entre los enlaces de salida, o sea los links tuyos que apuntan a otros sitios. Y los enlaces de entrada (los links de otros sitios que apuntan a tu web ).<\/p>\n\n\n\n<p>Este es un elemento esencial, muchos links de entrada. Si son de sitios relacionados y relevantes al contenido de tu sitio, mejor. Y pocos links de salida &#8211; con preferencia a sitios de calidad.<\/p>\n\n\n\n<p>Ese ser\u00eda un Balance ideal. Aunque convengamos que si reci\u00e9n est\u00e1s comenzando tus actividades en internet te llevar\u00e1 alg\u00fan tiempo alcanzar ese equilibrio. El marketing de buscadores es una actividad permanente y continua. Tienes que actuar, medir, revisar y volver a ejecutar.<\/p>\n\n\n\n<p>Si reci\u00e9n comienzas, te aconsejo que empieces por Registrar tu sitio en los principales Directorios de la red. Te servir\u00e1 para comenzar, y alcanzar un PR decente r\u00e1pidamente. Con lo cual estar\u00e1s en condiciones de empezar a contactar a otros webmasters para realizar intercambios rec\u00edprocos.<\/p>\n\n\n\n<p>Con el tiempo, alcanzar\u00e1s la popularidad suficiente como para comenzar a recibir enlaces sin que est\u00e9s obligado a devolver el link. <\/p>\n\n\n\n<p>Espero que este art\u00edculo sobre marketing de buscadores te resulte \u00fatil para iniciar tus actividades en internet y comenzar a incursionar en el <a href=\"https:\/\/www.masterseosem.com\/guia-seo-para-posicionar-gratis-tu-web-en-google\" target=\"_blank\" rel=\"noopener noreferrer\">Posicionamiento SEO<\/a>. La pr\u00f3xima que te preguntes \u00bfC\u00f3mo posicionar mi p\u00e1gina web en Google? o <a href=\"https:\/\/www.marketingenred.net\/marketing-en-internet\/como-mejorar-posicionamiento-web\/\" target=\"_blank\" rel=\"noreferrer noopener\">como mejorar el posicionamiento web <\/a> de cualquier sitio, seguramente tendr\u00e1s m\u00e1s claro qu\u00e9 hacer al respecto.<\/p>\n\n\n\n<p>(*)&nbsp;Director Ejecutivo de Marketing en Red.<\/p>\n\n\n\n<p>Las nuevas tendencias en la era digital: el&nbsp;<a href=\"https:\/\/www.marketingenred.net\/marketing-en-internet\/la-importancia-de-la-tecnologia-bien-aplicada\/\" target=\"_blank\" rel=\"noopener noreferrer\">Marketing Tecnol\u00f3gico.<\/a><\/p>\n","protected":false},"excerpt":{"rendered":"<p>Marketing de Buscadores Todos nos hemos preguntado \u00abComo posicionar mi p\u00e1gina web en Google\u00bb cada<\/p>\n","protected":false},"author":1,"featured_media":133425,"parent":0,"menu_order":0,"comment_status":"closed","ping_status":"closed","template":"","meta":{"om_disable_all_campaigns":false,"_monsterinsights_skip_tracking":false,"_monsterinsights_sitenote_active":false,"_monsterinsights_sitenote_note":"","_monsterinsights_sitenote_category":0,"_uf_show_specific_survey":0,"_uf_disable_surveys":false,"spay_email":"","twitterCardType":"summary_large_image","cardImageID":0,"cardImage":"http:\/\/www.marketingenred.net\/marketing-en-internet\/wp-content\/uploads\/2018\/01\/p_072.jpg","cardTitle":"","cardDesc":"","cardImageAlt":"","cardPlayer":"","cardPlayerWidth":0,"cardPlayerHeight":0,"cardPlayerStream":"","cardPlayerCodec":"","footnotes":""},"class_list":["post-119","page","type-page","status-publish","has-post-thumbnail","hentry"],"jetpack_sharing_enabled":false,"jetpack_shortlink":"https:\/\/wp.me\/P9wWBy-1V","jetpack_likes_enabled":false,"jetpack-related-posts":[{"id":174,"url":"https:\/\/www.marketingenred.net\/marketing-en-internet\/marketing-en-internet-y-marketing-online\/","url_meta":{"origin":119,"position":0},"title":"Marketing en Internet","date":"29 diciembre, 2011","format":false,"excerpt":"C\u00f3mo hacer Marketing en Internet. Por Dar\u00edo Le\u00f3n Mendiondo (*). Caracter\u00edsticas y Tipos del Marketing Online. Similitudes y Diferencias entre el Marketing en Internet y el Marketing Tradicional. En este t\u00f3pico te explicamos como funcionan algunos de los canales m\u00e1s importantes del marketing digital, para que te familiarices con los\u2026","rel":"","context":"Entrada similar","img":{"alt_text":"","src":"","width":0,"height":0},"classes":[]},{"id":144,"url":"https:\/\/www.marketingenred.net\/marketing-en-internet\/marketing-de-servicios\/","url_meta":{"origin":119,"position":1},"title":"Marketing de Servicios: 3 Pasos Esenciales para Vender Servicios Online","date":"6 noviembre, 2011","format":false,"excerpt":"Qu\u00e9 es el Marketing de Servicios (*) Por Miguel \u00c1ngel de Alz\u00e1a. Los SERVICIOS ocupan el espacio m\u00e1s grande en el mundo de los negocios y a la vez, los servicios son la oportunidad de negocios m\u00e1s pasada por alto en Internet. Pero si usted ofreciera sus servicios online, t\u00e9ngalo\u2026","rel":"","context":"Entrada similar","img":{"alt_text":"","src":"","width":0,"height":0},"classes":[]},{"id":177,"url":"https:\/\/www.marketingenred.net\/marketing-en-internet\/posicionamiento-de-un-producto\/","url_meta":{"origin":119,"position":2},"title":"Posicionamiento de un Producto","date":"23 abril, 2012","format":false,"excerpt":"Qu\u00e9 es el posicionamiento de un producto Por Dar\u00edo Le\u00f3n Mendiondo (*). Ya hemos visto un ejemplo de an\u00e1lisis FODA aplicado a un producto en v\u00edas de lanzamiento. Ahora analizaremos los aspectos de Posicionamiento y la aplicaci\u00f3n del mix de marketing. El Posicionamiento de un Producto o Servicio es b\u00e1sicamente\u2026","rel":"","context":"Entrada similar","img":{"alt_text":"","src":"","width":0,"height":0},"classes":[]},{"id":176,"url":"https:\/\/www.marketingenred.net\/marketing-en-internet\/analisis-foda-ejemplos\/","url_meta":{"origin":119,"position":3},"title":"An\u00e1lisis Foda Ejemplos","date":"23 abril, 2012","format":false,"excerpt":"C\u00f3mo hacer un An\u00e1lisis FODA. Por Dar\u00edo Le\u00f3n Mendiondo (*). El an\u00e1lisis FODA es una metodolog\u00eda de estudio de la situaci\u00f3n de una empresa determinada. Se tienen en cuenta sus aspectos internos, los que denominamos Debilidades y Fortalezas. Y tambi\u00e9n los aspectos externos, a los que llamamos Amenazas y Oportunidades,\u2026","rel":"","context":"Entrada similar","img":{"alt_text":"","src":"","width":0,"height":0},"classes":[]},{"id":171,"url":"https:\/\/www.marketingenred.net\/marketing-en-internet\/cliente-ideal\/","url_meta":{"origin":119,"position":4},"title":"C\u00f3mo llegar a nuestro cliente ideal y potenciales clientes","date":"9 noviembre, 2011","format":false,"excerpt":"Aspectos que debemos considerar al gestionar nuestras comunicaciones para saber c\u00f3mo conseguir el cliente ideal. Por M\u00f3nica Calzia (*) El cliente ideal es aquel que se encuentra satisfecho con tu producto o servicio y tambi\u00e9n con su precio. Act\u00faa como un promotor espont\u00e1neo, lo cual mejora positivamente tu reputaci\u00f3n y\u2026","rel":"","context":"Entrada similar","img":{"alt_text":"","src":"","width":0,"height":0},"classes":[]},{"id":118,"url":"https:\/\/www.marketingenred.net\/marketing-en-internet\/marketing-online\/","url_meta":{"origin":119,"position":5},"title":"Marketing Online. La tecnolog\u00eda es clave.","date":"27 agosto, 2011","format":false,"excerpt":"La importancia de la tecnolog\u00eda en el Marketing Online. Por Dar\u00edo Le\u00f3n Mendiondo (*). Algunas Empresas registran sus mayores ingresos a trav\u00e9s de la venta online. Sin Embargo, la gran mayor\u00eda, a\u00fan no advierte la importancia de establecer una estrategia hacia segmentos del mercado que concentran gran poder adquisitivo. A\u2026","rel":"","context":"Entrada similar","img":{"alt_text":"","src":"","width":0,"height":0},"classes":[]}],"_links":{"self":[{"href":"https:\/\/www.marketingenred.net\/marketing-en-internet\/wp-json\/wp\/v2\/pages\/119"}],"collection":[{"href":"https:\/\/www.marketingenred.net\/marketing-en-internet\/wp-json\/wp\/v2\/pages"}],"about":[{"href":"https:\/\/www.marketingenred.net\/marketing-en-internet\/wp-json\/wp\/v2\/types\/page"}],"author":[{"embeddable":true,"href":"https:\/\/www.marketingenred.net\/marketing-en-internet\/wp-json\/wp\/v2\/users\/1"}],"replies":[{"embeddable":true,"href":"https:\/\/www.marketingenred.net\/marketing-en-internet\/wp-json\/wp\/v2\/comments?post=119"}],"version-history":[{"count":20,"href":"https:\/\/www.marketingenred.net\/marketing-en-internet\/wp-json\/wp\/v2\/pages\/119\/revisions"}],"predecessor-version":[{"id":134001,"href":"https:\/\/www.marketingenred.net\/marketing-en-internet\/wp-json\/wp\/v2\/pages\/119\/revisions\/134001"}],"wp:featuredmedia":[{"embeddable":true,"href":"https:\/\/www.marketingenred.net\/marketing-en-internet\/wp-json\/wp\/v2\/media\/133425"}],"wp:attachment":[{"href":"https:\/\/www.marketingenred.net\/marketing-en-internet\/wp-json\/wp\/v2\/media?parent=119"}],"curies":[{"name":"wp","href":"https:\/\/api.w.org\/{rel}","templated":true}]}}