{"id":125,"date":"2011-11-06T01:06:14","date_gmt":"2011-11-06T01:06:14","guid":{"rendered":"http:\/\/www.marketingenred.net\/marketing-en-internet\/que-es-el-marketing-directo-y-para-que-sirve\/"},"modified":"2020-11-08T17:51:55","modified_gmt":"2020-11-08T17:51:55","slug":"marketing-directo-ejemplos","status":"publish","type":"page","link":"https:\/\/www.marketingenred.net\/marketing-en-internet\/marketing-directo-ejemplos\/","title":{"rendered":"Marketing Directo Ejemplos"},"content":{"rendered":"<figure id=\"attachment_345\" aria-describedby=\"caption-attachment-345\" style=\"width: 150px\" class=\"wp-caption alignleft\"><img loading=\"lazy\" decoding=\"async\" data-attachment-id=\"345\" data-permalink=\"https:\/\/www.marketingenred.net\/marketing-en-internet\/marketing-directo-ejemplos\/p_135\/\" data-orig-file=\"https:\/\/i0.wp.com\/www.marketingenred.net\/marketing-en-internet\/wp-content\/uploads\/2018\/01\/p_135.jpg?fit=169%2C251&amp;ssl=1\" data-orig-size=\"169,251\" data-comments-opened=\"1\" data-image-meta=\"{&quot;aperture&quot;:&quot;0&quot;,&quot;credit&quot;:&quot;&quot;,&quot;camera&quot;:&quot;&quot;,&quot;caption&quot;:&quot;&quot;,&quot;created_timestamp&quot;:&quot;0&quot;,&quot;copyright&quot;:&quot;&quot;,&quot;focal_length&quot;:&quot;0&quot;,&quot;iso&quot;:&quot;0&quot;,&quot;shutter_speed&quot;:&quot;0&quot;,&quot;title&quot;:&quot;&quot;,&quot;orientation&quot;:&quot;0&quot;}\" data-image-title=\"Qu\u00e9 es el Marketing Directo\" data-image-description=\"&lt;p&gt;El Marketing Directo, tambi\u00e9n se denomina Marketing One to One&lt;\/p&gt;\n\" data-medium-file=\"https:\/\/i0.wp.com\/www.marketingenred.net\/marketing-en-internet\/wp-content\/uploads\/2018\/01\/p_135.jpg?fit=169%2C251&amp;ssl=1\" data-large-file=\"https:\/\/i0.wp.com\/www.marketingenred.net\/marketing-en-internet\/wp-content\/uploads\/2018\/01\/p_135.jpg?fit=169%2C251&amp;ssl=1\" class=\"wp-image-345 size-thumbnail\" src=\"https:\/\/i0.wp.com\/www.marketingenred.net\/marketing-en-internet\/wp-content\/uploads\/2018\/01\/p_135.jpg?resize=150%2C150&#038;ssl=1\" alt=\"Qu\u00e9 es y Para qu\u00e9 Sirve el Marketing Directo\" width=\"150\" height=\"150\" srcset=\"https:\/\/i0.wp.com\/www.marketingenred.net\/marketing-en-internet\/wp-content\/uploads\/2018\/01\/p_135.jpg?resize=150%2C150&amp;ssl=1 150w, https:\/\/i0.wp.com\/www.marketingenred.net\/marketing-en-internet\/wp-content\/uploads\/2018\/01\/p_135.jpg?resize=50%2C50&amp;ssl=1 50w\" sizes=\"(max-width: 150px) 100vw, 150px\" data-recalc-dims=\"1\" \/><figcaption id=\"caption-attachment-345\" class=\"wp-caption-text\">Marketing Directo ejemplos<\/figcaption><\/figure>\n<h2>C\u00f3mo hacer Marketing Directo<\/h2>\n<p>Su relaci\u00f3n con la Publicidad, la Promoci\u00f3n y la Venta.<\/p>\n<p>La publicidad, sea gr\u00e1fica, en v\u00eda p\u00fablica, internet y\/o trav\u00e9s de los medios masivos de comunicaci\u00f3n, es una herramienta muy potente cuando se combina con acciones de promoci\u00f3n y ventas, dirigidas a segmentos espec\u00edficos.<\/p>\n<p><!--more--><\/p>\n<h2>Marketing Personal<\/h2>\n<p>El marketing Directo es el marketing individual o personal. Tambi\u00e9n se le denomina Marketing One to One (Uno a uno).<\/p>\n<p>Podemos identificarlos a trav\u00e9s de las siguientes acciones:<\/p>\n<p>Test de Producto y\/o Servicio.<br \/>\nCat\u00e1logos (que se distribuyen a domicilio, generalmente como \u00abinserts\u00bb junto a las facturas de agua, luz, tel\u00e9fono.<br \/>\nFolletos Promocionales.<br \/>\nMailing con ofertas. Los m\u00e1s comunes son los que se distribuyen en los centros comerciales y supermercados.<br \/>\nMuestras Gratis para degustaci\u00f3n en presentaciones peque\u00f1as.<\/p>\n<p>En todos estos ejemplos vemos caracter\u00edsticas comunes. Existe un contacto directo con el prospecto y\/o cliente.<\/p>\n<p>El Marketing Directo est\u00e1 relacionado con la promoci\u00f3n y la publicidad. Tambi\u00e9n requiere\u00a0de una base de datos muy bien hecha. Esto quiere decir que debemos enfocarnos y definir claramente a qui\u00e9n ir\u00e1 dirigida la comunicaci\u00f3n.<\/p>\n<p>Los bancos &#8211; por ejemplo -, utilizan esta estrategia mediante mailing o inserts que se adjuntan a los estados de cuenta. Las marcas de autom\u00f3viles ofrecen un test driver para dar a conocer nuevos modelos.<\/p>\n<p>Esta estrategia se relaciona con el Posicionamiento. Por eso es muy importante definir el mensaje a efectos de fijar los beneficios m\u00e1s importantes del producto en la mente del consumidor.<\/p>\n<p>Los profesionales del Marketing sabemos que la suma de la Publicidad, la Venta y la Promoci\u00f3n tiene como resultado el Marketing Directo.<\/p>\n<h2>Publicidad+Venta+Promoci\u00f3n = Marketing Directo.<\/h2>\n<p>El objetivo del Marketing Directo es lograr que una vez que se consigui\u00f3 hacer contacto con el cliente o prospecto, en un lapso de tiempo estimado, se produzca la venta del producto o servicio ofrecido. El telemarketing tambi\u00e9n es un buen ejemplo de marketing directo.<\/p>\n<p>Marketing Directo Ejemplos = Campa\u00f1as de Telemarketing<\/p>\n<p>Sin dudas que cualquier estrategia de marketing directo insumir\u00e1 recursos financieros, materiales y humanos, dependiendo de la magnitud de la acci\u00f3n desarrollada. Es importante fijar un presupuesto y hacer seguimiento a trav\u00e9s de indicadores que debemos concebir previo al inicio de las acciones. Luego mediremos la eficacia de la campa\u00f1a, seg\u00fan las metas propuestas.<\/p>\n<p>La base de datos es un capital fundamental para poder dirigirnos al segmento adecuado. Por eso, el marketing directo se apoya en la segmentaci\u00f3n. Es indispensable construir listas con las mayor cantidad de datos posibles, segmentada por criterios geogr\u00e1ficos, demogr\u00e1ficos, psicogr\u00e1ficos y comportamentales, que nos permitan refinar el mensaje y dise\u00f1ar una campa\u00f1a espec\u00edfica para conectar con las necesidades y deseos de nuestros clientes y prospectos.<\/p>\n<p>Aprende m\u00e1s sobre <a href=\"https:\/\/twitter.com\/marketingenred\">Marketing<\/a>\u00a0en nuestra p\u00e1gina de Twitter!<\/p>\n<p>Ver Tambi\u00e9n:\u00a0<a href=\"http:\/\/www.marketingenred.net\/marketing-en-internet\/analisis-foda-ejemplos\/\">An\u00e1lisis FODA<\/a><\/p>\n","protected":false},"excerpt":{"rendered":"<p>C\u00f3mo hacer Marketing Directo Su relaci\u00f3n con la Publicidad, la Promoci\u00f3n y la Venta. La<\/p>\n","protected":false},"author":1,"featured_media":0,"parent":0,"menu_order":0,"comment_status":"closed","ping_status":"closed","template":"","meta":{"om_disable_all_campaigns":false,"_monsterinsights_skip_tracking":false,"_monsterinsights_sitenote_active":false,"_monsterinsights_sitenote_note":"","_monsterinsights_sitenote_category":0,"_uf_show_specific_survey":0,"_uf_disable_surveys":false,"spay_email":"","twitterCardType":"summary_large_image","cardImageID":0,"cardImage":"http:\/\/www.marketingenred.net\/marketing-en-internet\/wp-content\/uploads\/2018\/01\/p_135.jpg","cardTitle":"","cardDesc":"","cardImageAlt":"","cardPlayer":"","cardPlayerWidth":0,"cardPlayerHeight":0,"cardPlayerStream":"","cardPlayerCodec":"","footnotes":""},"class_list":["post-125","page","type-page","status-publish","hentry"],"jetpack_sharing_enabled":false,"jetpack_shortlink":"https:\/\/wp.me\/P9wWBy-21","jetpack_likes_enabled":false,"jetpack-related-posts":[{"id":174,"url":"https:\/\/www.marketingenred.net\/marketing-en-internet\/marketing-en-internet-y-marketing-online\/","url_meta":{"origin":125,"position":0},"title":"Marketing en Internet","date":"29 diciembre, 2011","format":false,"excerpt":"C\u00f3mo hacer Marketing en Internet. Por Dar\u00edo Le\u00f3n Mendiondo (*). Caracter\u00edsticas y Tipos del Marketing Online. Similitudes y Diferencias entre el Marketing en Internet y el Marketing Tradicional. En este t\u00f3pico te explicamos como funcionan algunos de los canales m\u00e1s importantes del marketing digital, para que te familiarices con los\u2026","rel":"","context":"Entrada similar","img":{"alt_text":"","src":"","width":0,"height":0},"classes":[]},{"id":176,"url":"https:\/\/www.marketingenred.net\/marketing-en-internet\/analisis-foda-ejemplos\/","url_meta":{"origin":125,"position":1},"title":"An\u00e1lisis Foda Ejemplos","date":"23 abril, 2012","format":false,"excerpt":"C\u00f3mo hacer un An\u00e1lisis FODA. Por Dar\u00edo Le\u00f3n Mendiondo (*). El an\u00e1lisis FODA es una metodolog\u00eda de estudio de la situaci\u00f3n de una empresa determinada. Se tienen en cuenta sus aspectos internos, los que denominamos Debilidades y Fortalezas. Y tambi\u00e9n los aspectos externos, a los que llamamos Amenazas y Oportunidades,\u2026","rel":"","context":"Entrada similar","img":{"alt_text":"","src":"","width":0,"height":0},"classes":[]},{"id":177,"url":"https:\/\/www.marketingenred.net\/marketing-en-internet\/posicionamiento-de-un-producto\/","url_meta":{"origin":125,"position":2},"title":"Posicionamiento de un Producto","date":"23 abril, 2012","format":false,"excerpt":"Qu\u00e9 es el posicionamiento de un producto Por Dar\u00edo Le\u00f3n Mendiondo (*). Ya hemos visto un ejemplo de an\u00e1lisis FODA aplicado a un producto en v\u00edas de lanzamiento. Ahora analizaremos los aspectos de Posicionamiento y la aplicaci\u00f3n del mix de marketing. El Posicionamiento de un Producto o Servicio es b\u00e1sicamente\u2026","rel":"","context":"Entrada similar","img":{"alt_text":"","src":"","width":0,"height":0},"classes":[]},{"id":464,"url":"https:\/\/www.marketingenred.net\/marketing-en-internet\/asesoramiento-pymes\/","url_meta":{"origin":125,"position":3},"title":"Asesoramiento PYMES","date":"13 febrero, 2018","format":false,"excerpt":"Servicios Pymes Los servicios de asesoramiento pymes (Micro, Peque\u00f1as y Medianas Empresas), en general est\u00e1n bastante diversificados. En ese sentido, se observa una oferta variada en materia de: Acceso a financiamiento colectivo (Crowdfunding). Elaboraci\u00f3n de Planes de Negocios. Dise\u00f1o de Planes de Marketing. Investigaci\u00f3n de Mercado. Asesoramiento Legal y Contable.\u2026","rel":"","context":"Entrada similar","img":{"alt_text":"","src":"","width":0,"height":0},"classes":[]},{"id":949,"url":"https:\/\/www.marketingenred.net\/marketing-en-internet\/","url_meta":{"origin":125,"position":4},"title":"Marketing en Red. El arte del Marketing Digital","date":"15 noviembre, 2020","format":false,"excerpt":"Aplicaciones del Marketing En Marketing en Red puedes consultar las \u00faltimas novedades sobre Marketing Digital El e-mail Marketing, en la era del Social Media.\u00bfSabes lo que es el market share? Es tu porci\u00f3n de la torta!Aplicaci\u00f3n del SEO y SEM para Posicionamiento.Estrategias de Marketing en Internet. Estrategias de Marketing en\u2026","rel":"","context":"Entrada similar","img":{"alt_text":"marketing en red","src":"https:\/\/i1.wp.com\/www.marketingenred.net\/marketing-en-internet\/wp-content\/uploads\/2020\/11\/pexels-photo-2433164.jpeg?fit=1200%2C800&ssl=1&resize=350%2C200","width":350,"height":200},"classes":[]},{"id":118,"url":"https:\/\/www.marketingenred.net\/marketing-en-internet\/marketing-online\/","url_meta":{"origin":125,"position":5},"title":"Marketing Online. La tecnolog\u00eda es clave.","date":"27 agosto, 2011","format":false,"excerpt":"La importancia de la tecnolog\u00eda en el Marketing Online. Por Dar\u00edo Le\u00f3n Mendiondo (*). Algunas Empresas registran sus mayores ingresos a trav\u00e9s de la venta online. Sin Embargo, la gran mayor\u00eda, a\u00fan no advierte la importancia de establecer una estrategia hacia segmentos del mercado que concentran gran poder adquisitivo. A\u2026","rel":"","context":"Entrada similar","img":{"alt_text":"","src":"","width":0,"height":0},"classes":[]}],"_links":{"self":[{"href":"https:\/\/www.marketingenred.net\/marketing-en-internet\/wp-json\/wp\/v2\/pages\/125"}],"collection":[{"href":"https:\/\/www.marketingenred.net\/marketing-en-internet\/wp-json\/wp\/v2\/pages"}],"about":[{"href":"https:\/\/www.marketingenred.net\/marketing-en-internet\/wp-json\/wp\/v2\/types\/page"}],"author":[{"embeddable":true,"href":"https:\/\/www.marketingenred.net\/marketing-en-internet\/wp-json\/wp\/v2\/users\/1"}],"replies":[{"embeddable":true,"href":"https:\/\/www.marketingenred.net\/marketing-en-internet\/wp-json\/wp\/v2\/comments?post=125"}],"version-history":[{"count":12,"href":"https:\/\/www.marketingenred.net\/marketing-en-internet\/wp-json\/wp\/v2\/pages\/125\/revisions"}],"predecessor-version":[{"id":784,"href":"https:\/\/www.marketingenred.net\/marketing-en-internet\/wp-json\/wp\/v2\/pages\/125\/revisions\/784"}],"wp:attachment":[{"href":"https:\/\/www.marketingenred.net\/marketing-en-internet\/wp-json\/wp\/v2\/media?parent=125"}],"curies":[{"name":"wp","href":"https:\/\/api.w.org\/{rel}","templated":true}]}}