{"id":144,"date":"2011-11-06T02:02:17","date_gmt":"2011-11-06T02:02:17","guid":{"rendered":"http:\/\/www.marketingenred.net\/marketing-en-internet\/marketing-de-servicios-3-pasos-esenciales-para-vender-servicios-online\/"},"modified":"2020-11-08T16:59:03","modified_gmt":"2020-11-08T16:59:03","slug":"marketing-de-servicios","status":"publish","type":"page","link":"https:\/\/www.marketingenred.net\/marketing-en-internet\/marketing-de-servicios\/","title":{"rendered":"Marketing de Servicios: 3 Pasos Esenciales para Vender Servicios Online"},"content":{"rendered":"<figure id=\"attachment_335\" aria-describedby=\"caption-attachment-335\" style=\"width: 150px\" class=\"wp-caption alignleft\"><img loading=\"lazy\" decoding=\"async\" data-attachment-id=\"335\" data-permalink=\"https:\/\/www.marketingenred.net\/marketing-en-internet\/marketing-de-servicios\/p_059\/\" data-orig-file=\"https:\/\/i1.wp.com\/www.marketingenred.net\/marketing-en-internet\/wp-content\/uploads\/2018\/01\/p_059.jpg?fit=235%2C300&amp;ssl=1\" data-orig-size=\"235,300\" data-comments-opened=\"1\" data-image-meta=\"{&quot;aperture&quot;:&quot;0&quot;,&quot;credit&quot;:&quot;&quot;,&quot;camera&quot;:&quot;&quot;,&quot;caption&quot;:&quot;&quot;,&quot;created_timestamp&quot;:&quot;0&quot;,&quot;copyright&quot;:&quot;&quot;,&quot;focal_length&quot;:&quot;0&quot;,&quot;iso&quot;:&quot;0&quot;,&quot;shutter_speed&quot;:&quot;0&quot;,&quot;title&quot;:&quot;&quot;,&quot;orientation&quot;:&quot;0&quot;}\" data-image-title=\"C\u00f3mo Vender Servicios Online\" data-image-description=\"&lt;p&gt;La importancias del marketing de servicios&lt;\/p&gt;\n\" data-medium-file=\"https:\/\/i1.wp.com\/www.marketingenred.net\/marketing-en-internet\/wp-content\/uploads\/2018\/01\/p_059.jpg?fit=235%2C300&amp;ssl=1\" data-large-file=\"https:\/\/i1.wp.com\/www.marketingenred.net\/marketing-en-internet\/wp-content\/uploads\/2018\/01\/p_059.jpg?fit=235%2C300&amp;ssl=1\" class=\"wp-image-335 size-thumbnail\" style=\"font-size: 16px;\" title=\"marketing de servicios\" src=\"https:\/\/i0.wp.com\/www.marketingenred.net\/marketing-en-internet\/wp-content\/uploads\/2018\/01\/p_059-150x150.jpg?resize=150%2C150\" alt=\"3 pasos para vender servicios online\" width=\"150\" height=\"150\" srcset=\"https:\/\/i1.wp.com\/www.marketingenred.net\/marketing-en-internet\/wp-content\/uploads\/2018\/01\/p_059.jpg?resize=150%2C150&amp;ssl=1 150w, https:\/\/i1.wp.com\/www.marketingenred.net\/marketing-en-internet\/wp-content\/uploads\/2018\/01\/p_059.jpg?resize=50%2C50&amp;ssl=1 50w\" sizes=\"(max-width: 150px) 100vw, 150px\" data-recalc-dims=\"1\" \/><figcaption id=\"caption-attachment-335\" class=\"wp-caption-text\">Marketing de Servicios<\/figcaption><\/figure>\n<h2>Qu\u00e9 es el Marketing de Servicios<\/h2>\n<p>(*) Por Miguel \u00c1ngel de Alz\u00e1a.<\/p>\n<p>Los SERVICIOS ocupan el espacio m\u00e1s grande en el mundo de los negocios y a la vez, los servicios son la oportunidad de negocios m\u00e1s pasada por alto en Internet. Pero si usted ofreciera sus servicios online, t\u00e9ngalo por seguro, incrementar\u00e1 notablemente su potencial de ingresos. Vender servicios online es un marketing de servicios de costo comparativamente muy peque\u00f1o.<br \/>\n<!--more--><\/p>\n<p>El mundo tiene tal diversidad de personas, que casi cualquiera tiene una especialidad en alg\u00fan tema que puede vender a otro. Quiz\u00e1s ya lo est\u00e1 haciendo, pero probablemente nunca pens\u00f3 seriamente en el inmenso potencial de la Web para generar nuevos clientes.<\/p>\n<p>Cualquiera sea su actividad<\/p>\n<p>dise\u00f1ador de interiores y exteriores.<br \/>\ndibujante de historietas.<br \/>\nimportador y\/o exportador.<br \/>\nespecialista en inversiones financieras o inmobiliarias.<br \/>\nexperto en Taekwondo y Defensa Personal.<br \/>\ncontador especializado en impuestos.<br \/>\nredactor publicitario.<br \/>\nentrenador o coaching.<br \/>\neditor de art\u00edculos m\u00e9dicos.<br \/>\nexperto en medicamentos.<br \/>\ntraductor.<br \/>\nasesor de imagen o interiores.<br \/>\ndise\u00f1ador de moda.<br \/>\nastr\u00f3logo o tarotista.<br \/>\netc&#8230; la lista es interminable,<\/p>\n<p>En tal sentido, crear un Sitio con contenido relacionado con su servicio es una movida de negocios muy inteligente. Especialmente ahora que la gente usa la Internet cada vez m\u00e1s como fuente de informaci\u00f3n.<\/p>\n<p>Por eso usted debe crear un sitio que encante a sus VISITANTES, debido a su valiosa informaci\u00f3n. Adem\u00e1s debe ser un sitio que los motores de b\u00fasqueda listen y posicionen alto!<\/p>\n<p>Pero veamos.<\/p>\n<h2>Errores en el marketing de servicios<\/h2>\n<p>Qu\u00e9 hace -ONLINE- la mayor\u00eda de los vendedores de servicios para agregar nuevos clientes y edificar un negocio online exitoso?<\/p>\n<p>El m\u00ednimo esfuerzo de construir un sitio Web de una sola p\u00e1gina o estilo resumen, que simplemente habla de sus capacidades&#8230; \u00abAqu\u00ed estoy, ll\u00e1meme si est\u00e1 interesado\u00bb es un ejemplo de una presentaci\u00f3n demasiado pasiva. Que no responde la pregunta m\u00e1s importante para los visitantes: \u00abqu\u00e9 hay de bueno para mi en esto?\u00bb<\/p>\n<p>O&#8230;<\/p>\n<p>Pone un sitio estilo folleto que nadie visita (No hay p\u00e1ginas Web optimizadas apropiadamente para los motores de b\u00fasqueda, lo cual equivale a no estar presente cuando los buscadores indagan por informaci\u00f3n en la Web)<\/p>\n<p>O&#8230;<\/p>\n<p>Pone un aviso de sus servicios en alg\u00fan sitio de clasificados (Uno m\u00e1s entre cientos\/miles de competidores)<\/p>\n<p>Estas estrategias NO son efectivas. Punto. Por tanto, no debe aplicarlas.<\/p>\n<h2>Los 3 Pasos Esenciales para Vender Servicios Online<\/h2>\n<p>En lugar de eso, TIENE que seguir este camino:<\/p>\n<p>Comience pensando en c\u00f3mo un cliente potencial buscar\u00e1 a un NUEVO proveedor de servicios. Meterse en su forma de pensar es cr\u00edtico para plantear su estrategia consistentemente.<\/p>\n<p>Y siga estos 3 pasos esenciales:<\/p>\n<p>Primero: haga que el cliente le ENCUENTRE a usted.<\/p>\n<p>Para eso, use t\u00e1cticas efectivas de marketing -online y offline- para hacerse conocer.<\/p>\n<p>Alcance un buen ranking en los resultados de las b\u00fasquedas en buscadores (entre los 10-20 primeros) de forma que sea f\u00e1cil para la gente encontrarlo y visitar su sitio.<\/p>\n<p>En todo lo que haga, diga y escriba, estimule las recomendaciones boca-a-boca.<\/p>\n<p>Segundo: haga que el cliente le conozca y conf\u00ede en usted.<\/p>\n<p>Edifique credibilidad proveyendo contenido de alto valor en su sitio Web y muestre a los prospectos que usted comparte SUS mejores intereses. Que puede adaptar o personalizar su servicio para adaptarse a sus necesidades individuales.<\/p>\n<p>Alimente una relaci\u00f3n duradera mediante una e-zine o bolet\u00edn electr\u00f3nico gratuito que incremente la confianza y fomente la visi\u00f3n de que usted es una \u00abautoridad\u00bb en su campo. Hacer un delivery de contenido valioso a los suscriptores es muy importante, especialmente si quiere VENDER SERVICIOS ONLINE.<\/p>\n<h3>Bolet\u00edn Electr\u00f3nico<\/h3>\n<p>El bolet\u00edn&#8230;<\/p>\n<p>Crea CONFIANZA.<br \/>\nAdem\u00e1s, es su tarjeta de presentaci\u00f3n y desarrolla el sentido de \u00abpertenencia\u00bb en sus suscriptores.<br \/>\nTercero: haga que el prospecto le vea a USTED y a SU SERVICIO como la satisfacci\u00f3n de un deseo o la soluci\u00f3n a un problema.<\/p>\n<p>A trav\u00e9s del contenido de su sitio Web y bolet\u00edn, muestre a sus clientes potenciales que usted puede proveerles las soluciones que est\u00e1n buscando. SU SERVICIO resolver\u00e1 sus problemas y les ayudar\u00e1 a cumplir sus sue\u00f1os. Tambi\u00e9n mejorar\u00e1 sus vidas y\/o incrementar\u00e1 los resultados de sus negocios.<\/p>\n<p>USTED es el experto que quieren y necesitan. Por lo tanto, una vez que usted ha logrado en sus prospectos el esencial cimiento de la CONFIANZA, lo que resta es abierto y positivo.<\/p>\n<p>Finalmente, el prospecto le llama por tel\u00e9fono o le env\u00eda un e-mail. Despu\u00e9s de un intercambio satisfactorio usted &#8216;cierra el trato&#8217; y ha iniciado un v\u00ednculo comercial. Tambi\u00e9n habr\u00e1 comenzado una relaci\u00f3n de mutuo beneficio. Y usted deber\u00e1 cultivar esa relaci\u00f3n.<\/p>\n<p>El contenido de su sitio Web ha ayudado a convertir a un prospecto en CLIENTE mediante la CONFIANZA que \u00e9l necesitaba para contactarle! Esta es una situaci\u00f3n GANAR-GANAR para ambos. En suma, ud ha desarrollado una buena estrategia de Marketing de Servicios!<\/p>\n<p>\u00c9xito en Internet!<\/p>\n<p>(*) Director de\u00a0<a href=\"http:\/\/www.marketineros.com\">www.marketineros.com<\/a><br \/>\nNota del Editor: El Marketing de Servicios se vincula tambi\u00e9n con el\u00a0<a href=\"http:\/\/www.marketingenred.net\/marketing-en-internet\/que-es-el-marketing-directo-y-para-que-sirve\/\">Marketing Directo<\/a>, por tanto aplica t\u00e9cnicas combinadas y tendr\u00e1s mejores resultados todav\u00eda.<\/p>\n","protected":false},"excerpt":{"rendered":"<p>Qu\u00e9 es el Marketing de Servicios (*) Por Miguel \u00c1ngel de Alz\u00e1a. Los SERVICIOS ocupan<\/p>\n","protected":false},"author":1,"featured_media":0,"parent":0,"menu_order":0,"comment_status":"closed","ping_status":"closed","template":"","meta":{"om_disable_all_campaigns":false,"_monsterinsights_skip_tracking":false,"_monsterinsights_sitenote_active":false,"_monsterinsights_sitenote_note":"","_monsterinsights_sitenote_category":0,"_uf_show_specific_survey":0,"_uf_disable_surveys":false,"spay_email":"","twitterCardType":"summary_large_image","cardImageID":0,"cardImage":"http:\/\/www.marketingenred.net\/marketing-en-internet\/wp-content\/uploads\/2018\/01\/p_059.jpg","cardTitle":"","cardDesc":"","cardImageAlt":"","cardPlayer":"","cardPlayerWidth":0,"cardPlayerHeight":0,"cardPlayerStream":"","cardPlayerCodec":"","footnotes":""},"class_list":["post-144","page","type-page","status-publish","hentry"],"jetpack_sharing_enabled":false,"jetpack_shortlink":"https:\/\/wp.me\/P9wWBy-2k","jetpack_likes_enabled":false,"jetpack-related-posts":[{"id":464,"url":"https:\/\/www.marketingenred.net\/marketing-en-internet\/asesoramiento-pymes\/","url_meta":{"origin":144,"position":0},"title":"Asesoramiento PYMES","date":"13 febrero, 2018","format":false,"excerpt":"Servicios Pymes Los servicios de asesoramiento pymes (Micro, Peque\u00f1as y Medianas Empresas), en general est\u00e1n bastante diversificados. En ese sentido, se observa una oferta variada en materia de: Acceso a financiamiento colectivo (Crowdfunding). Elaboraci\u00f3n de Planes de Negocios. Dise\u00f1o de Planes de Marketing. Investigaci\u00f3n de Mercado. Asesoramiento Legal y Contable.\u2026","rel":"","context":"Entrada similar","img":{"alt_text":"","src":"","width":0,"height":0},"classes":[]},{"id":118,"url":"https:\/\/www.marketingenred.net\/marketing-en-internet\/marketing-online\/","url_meta":{"origin":144,"position":1},"title":"Marketing Online. La tecnolog\u00eda es clave.","date":"27 agosto, 2011","format":false,"excerpt":"La importancia de la tecnolog\u00eda en el Marketing Online. Por Dar\u00edo Le\u00f3n Mendiondo (*). Algunas Empresas registran sus mayores ingresos a trav\u00e9s de la venta online. Sin Embargo, la gran mayor\u00eda, a\u00fan no advierte la importancia de establecer una estrategia hacia segmentos del mercado que concentran gran poder adquisitivo. A\u2026","rel":"","context":"Entrada similar","img":{"alt_text":"","src":"","width":0,"height":0},"classes":[]},{"id":117,"url":"https:\/\/www.marketingenred.net\/marketing-en-internet\/marketing-turistico\/","url_meta":{"origin":144,"position":2},"title":"El Marketing aplicado al Turismo","date":"27 agosto, 2011","format":false,"excerpt":"Marketing Tur\u00edstico El Marketing aplicado al Turismo en tiempos de pandemia. Por Dar\u00edo Le\u00f3n Mendiondo (*). La industria del turismo se expand\u00eda notablemente y era una de las principales fuentes de ingresos de divisas para los pa\u00edses emergentes y en v\u00edas de desarrollo. La crisis desatada por el Covid19 gener\u00f3\u2026","rel":"","context":"Entrada similar","img":{"alt_text":"","src":"","width":0,"height":0},"classes":[]},{"id":174,"url":"https:\/\/www.marketingenred.net\/marketing-en-internet\/marketing-en-internet-y-marketing-online\/","url_meta":{"origin":144,"position":3},"title":"Marketing en Internet","date":"29 diciembre, 2011","format":false,"excerpt":"C\u00f3mo hacer Marketing en Internet. Por Dar\u00edo Le\u00f3n Mendiondo (*). Caracter\u00edsticas y Tipos del Marketing Online. Similitudes y Diferencias entre el Marketing en Internet y el Marketing Tradicional. En este t\u00f3pico te explicamos como funcionan algunos de los canales m\u00e1s importantes del marketing digital, para que te familiarices con los\u2026","rel":"","context":"Entrada similar","img":{"alt_text":"","src":"","width":0,"height":0},"classes":[]},{"id":949,"url":"https:\/\/www.marketingenred.net\/marketing-en-internet\/","url_meta":{"origin":144,"position":4},"title":"Marketing en Red. El arte del Marketing Digital","date":"15 noviembre, 2020","format":false,"excerpt":"Aplicaciones del Marketing En Marketing en Red puedes consultar las \u00faltimas novedades sobre Marketing Digital El e-mail Marketing, en la era del Social Media.\u00bfSabes lo que es el market share? Es tu porci\u00f3n de la torta!Aplicaci\u00f3n del SEO y SEM para Posicionamiento.Estrategias de Marketing en Internet. Estrategias de Marketing en\u2026","rel":"","context":"Entrada similar","img":{"alt_text":"marketing en red","src":"https:\/\/i1.wp.com\/www.marketingenred.net\/marketing-en-internet\/wp-content\/uploads\/2020\/11\/pexels-photo-2433164.jpeg?fit=1200%2C800&ssl=1&resize=350%2C200","width":350,"height":200},"classes":[]},{"id":2,"url":"https:\/\/www.marketingenred.net\/marketing-en-internet\/mision-vision-valores\/","url_meta":{"origin":144,"position":5},"title":"Misi\u00f3n, Visi\u00f3n y Valores Corporativos","date":"5 enero, 2018","format":false,"excerpt":"Nuestra Misi\u00f3n y Visi\u00f3n Marketing en Red est\u00e1 presente en Internet desde 2004 y es parte de una Red de sitios sobre diversas tem\u00e1ticas de actualidad. En tal sentido, su objetivo es fomentar el desarrollo emprendedor. En la actualidad, Marketing en Red es una Agencia de Servicios Digitales. Y tambi\u00e9n\u2026","rel":"","context":"Entrada similar","img":{"alt_text":"","src":"","width":0,"height":0},"classes":[]}],"_links":{"self":[{"href":"https:\/\/www.marketingenred.net\/marketing-en-internet\/wp-json\/wp\/v2\/pages\/144"}],"collection":[{"href":"https:\/\/www.marketingenred.net\/marketing-en-internet\/wp-json\/wp\/v2\/pages"}],"about":[{"href":"https:\/\/www.marketingenred.net\/marketing-en-internet\/wp-json\/wp\/v2\/types\/page"}],"author":[{"embeddable":true,"href":"https:\/\/www.marketingenred.net\/marketing-en-internet\/wp-json\/wp\/v2\/users\/1"}],"replies":[{"embeddable":true,"href":"https:\/\/www.marketingenred.net\/marketing-en-internet\/wp-json\/wp\/v2\/comments?post=144"}],"version-history":[{"count":12,"href":"https:\/\/www.marketingenred.net\/marketing-en-internet\/wp-json\/wp\/v2\/pages\/144\/revisions"}],"predecessor-version":[{"id":772,"href":"https:\/\/www.marketingenred.net\/marketing-en-internet\/wp-json\/wp\/v2\/pages\/144\/revisions\/772"}],"wp:attachment":[{"href":"https:\/\/www.marketingenred.net\/marketing-en-internet\/wp-json\/wp\/v2\/media?parent=144"}],"curies":[{"name":"wp","href":"https:\/\/api.w.org\/{rel}","templated":true}]}}